{"id":1008,"date":"2024-01-06T02:20:07","date_gmt":"2024-01-06T02:20:07","guid":{"rendered":"https:\/\/gruposalmeron.everestis.ppg.br\/?page_id=1008"},"modified":"2025-10-31T19:11:21","modified_gmt":"2025-10-31T19:11:21","slug":"contato","status":"publish","type":"page","link":"https:\/\/gruposalmeron.com.br\/metalicos\/contato\/","title":{"rendered":"contato"},"content":{"rendered":"\t\t<div data-elementor-type=\"wp-page\" data-elementor-id=\"1008\" class=\"elementor elementor-1008\" data-elementor-post-type=\"page\">\n\t\t\t\t<div class=\"elementor-element elementor-element-449901b e-flex e-con-boxed e-con e-parent\" data-id=\"449901b\" data-element_type=\"container\" data-settings=\"{&quot;background_background&quot;:&quot;video&quot;,&quot;background_play_on_mobile&quot;:&quot;yes&quot;,&quot;background_video_link&quot;:&quot;https:\\\/\\\/youtu.be\\\/31JB1ol78KI&quot;,&quot;ekit_has_onepagescroll_dot&quot;:&quot;yes&quot;}\">\n\t\t\t\t\t<div class=\"e-con-inner\">\n\t\t<div class=\"elementor-background-video-container\">\n\t\t\t\t\t\t\t<div class=\"elementor-background-video-embed\"><\/div>\n\t\t\t\t\t\t<\/div>\t\t<div class=\"elementor-element elementor-element-fc80d22 elementor-widget elementor-widget-heading\" data-id=\"fc80d22\" data-element_type=\"widget\" data-settings=\"{&quot;ekit_we_effect_on&quot;:&quot;none&quot;}\" data-widget_type=\"heading.default\">\n\t\t\t\t<div class=\"elementor-widget-container\">\n\t\t\t\t\t<h2 class=\"elementor-heading-title elementor-size-default\">CONTATE A <BR>SALMERON <\/h2>\t\t\t\t<\/div>\n\t\t\t\t<\/div>\n\t\t\t\t\t<\/div>\n\t\t\t\t<\/div>\n\t\t<div class=\"elementor-element elementor-element-ffbddc2 e-con-full e-flex e-con e-parent\" data-id=\"ffbddc2\" data-element_type=\"container\" data-settings=\"{&quot;ekit_has_onepagescroll_dot&quot;:&quot;yes&quot;}\">\n\t\t<div class=\"elementor-element elementor-element-c08b527 e-con-full e-flex e-con e-child\" data-id=\"c08b527\" data-element_type=\"container\" data-settings=\"{&quot;background_background&quot;:&quot;classic&quot;,&quot;ekit_has_onepagescroll_dot&quot;:&quot;yes&quot;}\">\n\t\t\t\t<div class=\"elementor-element elementor-element-e1bbdd6 elementor-widget elementor-widget-heading\" data-id=\"e1bbdd6\" data-element_type=\"widget\" data-settings=\"{&quot;ekit_we_effect_on&quot;:&quot;none&quot;}\" data-widget_type=\"heading.default\">\n\t\t\t\t<div class=\"elementor-widget-container\">\n\t\t\t\t\t<h2 class=\"elementor-heading-title elementor-size-default\">TRABALHE CONOSCO<\/h2>\t\t\t\t<\/div>\n\t\t\t\t<\/div>\n\t\t\t\t<div class=\"elementor-element elementor-element-63096e8 elementor-widget elementor-widget-heading\" data-id=\"63096e8\" data-element_type=\"widget\" data-settings=\"{&quot;ekit_we_effect_on&quot;:&quot;none&quot;}\" data-widget_type=\"heading.default\">\n\t\t\t\t<div class=\"elementor-widget-container\">\n\t\t\t\t\t<h2 class=\"elementor-heading-title elementor-size-default\">Cadastre o seu curr\u00edculo em nosso banco de talentos ou consulte as vagas em aberto.<\/h2>\t\t\t\t<\/div>\n\t\t\t\t<\/div>\n\t\t\t\t<div class=\"elementor-element elementor-element-fedbe63 elementor-align-center elementor-widget elementor-widget-button\" data-id=\"fedbe63\" data-element_type=\"widget\" data-settings=\"{&quot;ekit_we_effect_on&quot;:&quot;none&quot;}\" data-widget_type=\"button.default\">\n\t\t\t\t<div class=\"elementor-widget-container\">\n\t\t\t\t\t\t\t\t\t<div class=\"elementor-button-wrapper\">\n\t\t\t\t\t<a class=\"elementor-button elementor-button-link elementor-size-lg\" href=\"https:\/\/gruposalmeron.empregare.com\/pt-br\/vagas\" target=\"_blank\">\n\t\t\t\t\t\t<span class=\"elementor-button-content-wrapper\">\n\t\t\t\t\t\t\t\t\t<span class=\"elementor-button-text\">CADASTRE-SE<\/span>\n\t\t\t\t\t<\/span>\n\t\t\t\t\t<\/a>\n\t\t\t\t<\/div>\n\t\t\t\t\t\t\t\t<\/div>\n\t\t\t\t<\/div>\n\t\t\t\t<\/div>\n\t\t\t\t<\/div>\n\t\t<div class=\"elementor-element elementor-element-54559e9 e-con-full e-flex e-con e-parent\" data-id=\"54559e9\" data-element_type=\"container\" data-settings=\"{&quot;ekit_has_onepagescroll_dot&quot;:&quot;yes&quot;}\">\n\t\t<div class=\"elementor-element elementor-element-4c46ce6 e-con-full e-flex e-con e-child\" data-id=\"4c46ce6\" data-element_type=\"container\" data-settings=\"{&quot;background_background&quot;:&quot;classic&quot;,&quot;ekit_has_onepagescroll_dot&quot;:&quot;yes&quot;}\">\n\t\t\t\t<div class=\"elementor-element elementor-element-68350ed elementor-widget elementor-widget-heading\" data-id=\"68350ed\" data-element_type=\"widget\" data-settings=\"{&quot;ekit_we_effect_on&quot;:&quot;none&quot;}\" data-widget_type=\"heading.default\">\n\t\t\t\t<div class=\"elementor-widget-container\">\n\t\t\t\t\t<h2 class=\"elementor-heading-title elementor-size-default\">0800 330 0000<\/h2>\t\t\t\t<\/div>\n\t\t\t\t<\/div>\n\t\t\t\t<div class=\"elementor-element elementor-element-fe142cc elementor-icon-list--layout-traditional elementor-list-item-link-full_width elementor-widget elementor-widget-icon-list\" data-id=\"fe142cc\" data-element_type=\"widget\" data-settings=\"{&quot;ekit_we_effect_on&quot;:&quot;none&quot;}\" data-widget_type=\"icon-list.default\">\n\t\t\t\t<div class=\"elementor-widget-container\">\n\t\t\t\t\t\t\t<ul class=\"elementor-icon-list-items\">\n\t\t\t\t\t\t\t<li class=\"elementor-icon-list-item\">\n\t\t\t\t\t\t\t\t\t\t\t<span class=\"elementor-icon-list-icon\">\n\t\t\t\t\t\t\t<i aria-hidden=\"true\" class=\"icon icon-phone-call\"><\/i>\t\t\t\t\t\t<\/span>\n\t\t\t\t\t\t\t\t\t\t<span class=\"elementor-icon-list-text\">+55 (15) 3232-2425<\/span>\n\t\t\t\t\t\t\t\t\t<\/li>\n\t\t\t\t\t\t<\/ul>\n\t\t\t\t\t\t<\/div>\n\t\t\t\t<\/div>\n\t\t\t\t<div class=\"elementor-element elementor-element-49bbf7b elementor-widget elementor-widget-heading\" data-id=\"49bbf7b\" data-element_type=\"widget\" data-settings=\"{&quot;ekit_we_effect_on&quot;:&quot;none&quot;}\" data-widget_type=\"heading.default\">\n\t\t\t\t<div class=\"elementor-widget-container\">\n\t\t\t\t\t<h2 class=\"elementor-heading-title elementor-size-default\">Hor\u00e1rio de funcionamento<\/h2>\t\t\t\t<\/div>\n\t\t\t\t<\/div>\n\t\t\t\t<div class=\"elementor-element elementor-element-9da508a elementor-icon-list--layout-traditional elementor-list-item-link-full_width elementor-widget elementor-widget-icon-list\" data-id=\"9da508a\" data-element_type=\"widget\" data-settings=\"{&quot;ekit_we_effect_on&quot;:&quot;none&quot;}\" data-widget_type=\"icon-list.default\">\n\t\t\t\t<div class=\"elementor-widget-container\">\n\t\t\t\t\t\t\t<ul class=\"elementor-icon-list-items\">\n\t\t\t\t\t\t\t<li class=\"elementor-icon-list-item\">\n\t\t\t\t\t\t\t\t\t\t<span class=\"elementor-icon-list-text\">Segunda a sexta-feira <br>7h \u00e0s 17h <\/span>\n\t\t\t\t\t\t\t\t\t<\/li>\n\t\t\t\t\t\t<\/ul>\n\t\t\t\t\t\t<\/div>\n\t\t\t\t<\/div>\n\t\t\t\t<div class=\"elementor-element elementor-element-e5dd26b elementor-widget elementor-widget-heading\" data-id=\"e5dd26b\" data-element_type=\"widget\" data-settings=\"{&quot;ekit_we_effect_on&quot;:&quot;none&quot;}\" data-widget_type=\"heading.default\">\n\t\t\t\t<div class=\"elementor-widget-container\">\n\t\t\t\t\t<h2 class=\"elementor-heading-title elementor-size-default\">Matriz Brasil<\/h2>\t\t\t\t<\/div>\n\t\t\t\t<\/div>\n\t\t\t\t<div class=\"elementor-element elementor-element-b86944c elementor-icon-list--layout-traditional elementor-list-item-link-full_width elementor-widget elementor-widget-icon-list\" data-id=\"b86944c\" data-element_type=\"widget\" data-settings=\"{&quot;ekit_we_effect_on&quot;:&quot;none&quot;}\" data-widget_type=\"icon-list.default\">\n\t\t\t\t<div class=\"elementor-widget-container\">\n\t\t\t\t\t\t\t<ul class=\"elementor-icon-list-items\">\n\t\t\t\t\t\t\t<li class=\"elementor-icon-list-item\">\n\t\t\t\t\t\t\t\t\t\t<span class=\"elementor-icon-list-text\">Av. dos Bandeirantes, n\u00ba 2480 <br>Brigadeiro Tobias Sorocaba\/SP<\/span>\n\t\t\t\t\t\t\t\t\t<\/li>\n\t\t\t\t\t\t<\/ul>\n\t\t\t\t\t\t<\/div>\n\t\t\t\t<\/div>\n\t\t\t\t<\/div>\n\t\t<div class=\"elementor-element elementor-element-19fc455 e-con-full e-flex e-con e-child\" data-id=\"19fc455\" data-element_type=\"container\" data-settings=\"{&quot;background_background&quot;:&quot;classic&quot;,&quot;ekit_has_onepagescroll_dot&quot;:&quot;yes&quot;}\">\n\t\t\t\t<div class=\"elementor-element elementor-element-212aba7 elementor-widget elementor-widget-html\" data-id=\"212aba7\" data-element_type=\"widget\" data-settings=\"{&quot;ekit_we_effect_on&quot;:&quot;none&quot;}\" data-widget_type=\"html.default\">\n\t\t\t\t<div class=\"elementor-widget-container\">\n\t\t\t\t\t<div role=\"main\" id=\"site-metalicos-contato-9773a34482ab5c0e50a5\"><\/div><script type=\"text\/javascript\" src=\"https:\/\/d335luupugsy2.cloudfront.net\/js\/rdstation-forms\/stable\/rdstation-forms.min.js\"><\/script><script type=\"text\/javascript\"> new RDStationForms('site-metalicos-contato-9773a34482ab5c0e50a5', 'null').createForm();<\/script>\t\t\t\t<\/div>\n\t\t\t\t<\/div>\n\t\t\t\t<div class=\"elementor-element elementor-element-2a3c5f1 elementor-hidden-desktop elementor-hidden-tablet elementor-hidden-mobile elementor-widget elementor-widget-shortcode\" data-id=\"2a3c5f1\" data-element_type=\"widget\" data-settings=\"{&quot;ekit_we_effect_on&quot;:&quot;none&quot;}\" data-widget_type=\"shortcode.default\">\n\t\t\t\t<div class=\"elementor-widget-container\">\n\t\t\t\t\t\t\t<div class=\"elementor-shortcode\"><\/div>\n\t\t\t\t\t\t<\/div>\n\t\t\t\t<\/div>\n\t\t\t\t<div class=\"elementor-element elementor-element-1de8842 elementor-hidden-desktop elementor-hidden-tablet elementor-hidden-mobile elementor-widget elementor-widget-html\" data-id=\"1de8842\" data-element_type=\"widget\" data-settings=\"{&quot;ekit_we_effect_on&quot;:&quot;none&quot;}\" data-widget_type=\"html.default\">\n\t\t\t\t<div class=\"elementor-widget-container\">\n\t\t\t\t\t<script>\r\n\/*\r\nAUTOR:  DANTE TESTA\r\nFUN\u00c7\u00c3O: PESQUISA CEP NA API VIA CEP + CONCATENA\u00c7\u00c3O DE ENDERE\u00c7O\r\nDATA: 18\/05\/2023\r\n*\/\r\n\r\njQuery(document).ready(function($) {\r\n\r\n \/*SETUP DE CAMPOS DO FORMUL\u00c1RIO - Altere com seus seletores abaixo! *\/\r\n    var cepId = 'input[name=\"cep\"]';\r\n    var enderecoId = 'input[name=\"endereco\"]';\r\n    var bairroId = 'input[name=\"bairro\"]';\r\n    var cidadeId = 'input[name=\"cidade\"]';\r\n    var estadoId = 'input[name=\"estado\"]';\r\n    var numeroId = 'input[name=\"numero\"]';\r\n    var enderecoCompletoId = 'input[name=\"endereco_completo\"]';\r\n    \r\n\/* -----------------  N\u00c3O MECHA ABAIXO -------------*\/    \r\n\r\n    function setLoading(loading) {\r\n        var loadingText = 'Carregando...';\r\n        if (loading) {\r\n            $(enderecoId).val(loadingText);\r\n            $(bairroId).val(loadingText);\r\n            $(cidadeId).val(loadingText);\r\n            $(estadoId).val(loadingText);\r\n        } else {\r\n            $(enderecoId).val('');\r\n            $(bairroId).val('');\r\n            $(cidadeId).val('');\r\n            $(estadoId).val('');\r\n        }\r\n    }\r\n\r\n    $(cepId).change(function() {\r\n        let cep = $(this).val().replace(\/\\D\/g, '');\r\n        if (cep != \"\") {\r\n            let validacep = \/^[0-9]{8}$\/;\r\n            if(validacep.test(cep)) {\r\n                setLoading(true);\r\n                $.getJSON(\"https:\/\/viacep.com.br\/ws\/\"+ cep +\"\/json\/?callback=?\", function(dados) {\r\n                    setLoading(false);\r\n                    if (!(\"erro\" in dados)) {\r\n                        \/\/ Atualiza os campos com os valores da consulta.\r\n                        $(enderecoId).val(dados.logradouro);\r\n                        $(bairroId).val(dados.bairro);\r\n                        $(cidadeId).val(dados.localidade);\r\n                        $(estadoId).val(dados.uf);\r\n                        updateEnderecoCompleto();\r\n                    }\r\n                    else {\r\n                        alert(\"CEP n\u00e3o encontrado.\");\r\n                    }\r\n                });\r\n            }\r\n            else {\r\n                alert(\"Formato de CEP inv\u00e1lido.\");\r\n            }\r\n        }\r\n    });\r\n\r\n    $(numeroId).on('input', function() {\r\n        updateEnderecoCompleto();\r\n    });\r\n\r\n    function updateEnderecoCompleto() {\r\n        let enderecoCompleto = $(enderecoId).val() + ', ' +\r\n            $(numeroId).val() + ', ' +\r\n            $(cidadeId).val() + '-' +\r\n            $(estadoId).val();\r\n\r\n        $(enderecoCompletoId).val(enderecoCompleto);\r\n    }\r\n});\r\n\r\n\r\n<\/script>\t\t\t\t<\/div>\n\t\t\t\t<\/div>\n\t\t\t\t<\/div>\n\t\t\t\t<\/div>\n\t\t\t\t<\/div>\n\t\t","protected":false},"excerpt":{"rendered":"<p>CONTATE A SALMERON TRABALHE CONOSCO Cadastre o seu curr\u00edculo em nosso banco de talentos ou consulte as vagas em aberto. CADASTRE-SE 0800 330 0000 +55 (15) 3232-2425 Hor\u00e1rio de funcionamento Segunda a sexta-feira 7h \u00e0s 17h Matriz Brasil Av. dos Bandeirantes, n\u00ba 2480 Brigadeiro Tobias Sorocaba\/SP<\/p>\n","protected":false},"author":1,"featured_media":0,"parent":0,"menu_order":0,"comment_status":"closed","ping_status":"closed","template":"","meta":{"_joinchat":[],"footnotes":""},"class_list":["post-1008","page","type-page","status-publish","hentry"],"yoast_head":"<!-- This site is optimized with the Yoast SEO plugin v27.3 - https:\/\/yoast.com\/product\/yoast-seo-wordpress\/ -->\n<title>contato - Grupo Salmeron - Met\u00e1licos<\/title>\n<meta name=\"robots\" content=\"index, follow, max-snippet:-1, max-image-preview:large, max-video-preview:-1\" \/>\n<link rel=\"canonical\" href=\"https:\/\/gruposalmeron.com.br\/metalicos\/contato\/\" \/>\n<meta property=\"og:locale\" content=\"pt_BR\" \/>\n<meta property=\"og:type\" content=\"article\" \/>\n<meta property=\"og:title\" content=\"contato - Grupo Salmeron - Met\u00e1licos\" \/>\n<meta property=\"og:description\" content=\"CONTATE A SALMERON TRABALHE CONOSCO Cadastre o seu curr\u00edculo em nosso banco de talentos ou consulte as vagas em aberto. CADASTRE-SE 0800 330 0000 +55 (15) 3232-2425 Hor\u00e1rio de funcionamento Segunda a sexta-feira 7h \u00e0s 17h Matriz Brasil Av. dos Bandeirantes, n\u00ba 2480 Brigadeiro Tobias Sorocaba\/SP\" \/>\n<meta property=\"og:url\" content=\"https:\/\/gruposalmeron.com.br\/metalicos\/contato\/\" \/>\n<meta property=\"og:site_name\" content=\"Grupo Salmeron - Met\u00e1licos\" \/>\n<meta property=\"article:publisher\" content=\"https:\/\/www.facebook.com\/gruposalmeron\/\" \/>\n<meta property=\"article:modified_time\" content=\"2025-10-31T19:11:21+00:00\" \/>\n<meta name=\"twitter:card\" content=\"summary_large_image\" \/>\n<meta name=\"twitter:label1\" content=\"Est. tempo de leitura\" \/>\n\t<meta name=\"twitter:data1\" content=\"1 minuto\" \/>\n<script type=\"application\/ld+json\" class=\"yoast-schema-graph\">{\"@context\":\"https:\\\/\\\/schema.org\",\"@graph\":[{\"@type\":\"WebPage\",\"@id\":\"https:\\\/\\\/gruposalmeron.com.br\\\/metalicos\\\/contato\\\/\",\"url\":\"https:\\\/\\\/gruposalmeron.com.br\\\/metalicos\\\/contato\\\/\",\"name\":\"contato - Grupo Salmeron - Met\u00e1licos\",\"isPartOf\":{\"@id\":\"https:\\\/\\\/gruposalmeron.com.br\\\/metalicos\\\/#website\"},\"datePublished\":\"2024-01-06T02:20:07+00:00\",\"dateModified\":\"2025-10-31T19:11:21+00:00\",\"breadcrumb\":{\"@id\":\"https:\\\/\\\/gruposalmeron.com.br\\\/metalicos\\\/contato\\\/#breadcrumb\"},\"inLanguage\":\"pt-BR\",\"potentialAction\":[{\"@type\":\"ReadAction\",\"target\":[\"https:\\\/\\\/gruposalmeron.com.br\\\/metalicos\\\/contato\\\/\"]}]},{\"@type\":\"BreadcrumbList\",\"@id\":\"https:\\\/\\\/gruposalmeron.com.br\\\/metalicos\\\/contato\\\/#breadcrumb\",\"itemListElement\":[{\"@type\":\"ListItem\",\"position\":1,\"name\":\"In\u00edcio\",\"item\":\"https:\\\/\\\/gruposalmeron.com.br\\\/metalicos\\\/\"},{\"@type\":\"ListItem\",\"position\":2,\"name\":\"contato\"}]},{\"@type\":\"WebSite\",\"@id\":\"https:\\\/\\\/gruposalmeron.com.br\\\/metalicos\\\/#website\",\"url\":\"https:\\\/\\\/gruposalmeron.com.br\\\/metalicos\\\/\",\"name\":\"Grupo Salmeron - Gest\u00e3o de Res\u00edduos Met\u00e1licos\",\"description\":\"Grupo Salmeron - Met\u00e1licos\",\"publisher\":{\"@id\":\"https:\\\/\\\/gruposalmeron.com.br\\\/metalicos\\\/#organization\"},\"potentialAction\":[{\"@type\":\"SearchAction\",\"target\":{\"@type\":\"EntryPoint\",\"urlTemplate\":\"https:\\\/\\\/gruposalmeron.com.br\\\/metalicos\\\/?s={search_term_string}\"},\"query-input\":{\"@type\":\"PropertyValueSpecification\",\"valueRequired\":true,\"valueName\":\"search_term_string\"}}],\"inLanguage\":\"pt-BR\"},{\"@type\":\"Organization\",\"@id\":\"https:\\\/\\\/gruposalmeron.com.br\\\/metalicos\\\/#organization\",\"name\":\"Grupo Salmeron - Gest\u00e3o de Res\u00edduos Met\u00e1licos\",\"url\":\"https:\\\/\\\/gruposalmeron.com.br\\\/metalicos\\\/\",\"logo\":{\"@type\":\"ImageObject\",\"inLanguage\":\"pt-BR\",\"@id\":\"https:\\\/\\\/gruposalmeron.com.br\\\/metalicos\\\/#\\\/schema\\\/logo\\\/image\\\/\",\"url\":\"https:\\\/\\\/gruposalmeron.com.br\\\/metalicos\\\/wp-content\\\/uploads\\\/2023\\\/12\\\/gruposalmeron-reciclagem-de-madeira.webp\",\"contentUrl\":\"https:\\\/\\\/gruposalmeron.com.br\\\/metalicos\\\/wp-content\\\/uploads\\\/2023\\\/12\\\/gruposalmeron-reciclagem-de-madeira.webp\",\"width\":156,\"height\":43,\"caption\":\"Grupo Salmeron - Gest\u00e3o de Res\u00edduos Met\u00e1licos\"},\"image\":{\"@id\":\"https:\\\/\\\/gruposalmeron.com.br\\\/metalicos\\\/#\\\/schema\\\/logo\\\/image\\\/\"},\"sameAs\":[\"https:\\\/\\\/www.facebook.com\\\/gruposalmeron\\\/\"]}]}<\/script>\n<!-- \/ Yoast SEO plugin. -->","yoast_head_json":{"title":"contato - Grupo Salmeron - Met\u00e1licos","robots":{"index":"index","follow":"follow","max-snippet":"max-snippet:-1","max-image-preview":"max-image-preview:large","max-video-preview":"max-video-preview:-1"},"canonical":"https:\/\/gruposalmeron.com.br\/metalicos\/contato\/","og_locale":"pt_BR","og_type":"article","og_title":"contato - Grupo Salmeron - Met\u00e1licos","og_description":"CONTATE A SALMERON TRABALHE CONOSCO Cadastre o seu curr\u00edculo em nosso banco de talentos ou consulte as vagas em aberto. CADASTRE-SE 0800 330 0000 +55 (15) 3232-2425 Hor\u00e1rio de funcionamento Segunda a sexta-feira 7h \u00e0s 17h Matriz Brasil Av. dos Bandeirantes, n\u00ba 2480 Brigadeiro Tobias Sorocaba\/SP","og_url":"https:\/\/gruposalmeron.com.br\/metalicos\/contato\/","og_site_name":"Grupo Salmeron - Met\u00e1licos","article_publisher":"https:\/\/www.facebook.com\/gruposalmeron\/","article_modified_time":"2025-10-31T19:11:21+00:00","twitter_card":"summary_large_image","twitter_misc":{"Est. tempo de leitura":"1 minuto"},"schema":{"@context":"https:\/\/schema.org","@graph":[{"@type":"WebPage","@id":"https:\/\/gruposalmeron.com.br\/metalicos\/contato\/","url":"https:\/\/gruposalmeron.com.br\/metalicos\/contato\/","name":"contato - Grupo Salmeron - Met\u00e1licos","isPartOf":{"@id":"https:\/\/gruposalmeron.com.br\/metalicos\/#website"},"datePublished":"2024-01-06T02:20:07+00:00","dateModified":"2025-10-31T19:11:21+00:00","breadcrumb":{"@id":"https:\/\/gruposalmeron.com.br\/metalicos\/contato\/#breadcrumb"},"inLanguage":"pt-BR","potentialAction":[{"@type":"ReadAction","target":["https:\/\/gruposalmeron.com.br\/metalicos\/contato\/"]}]},{"@type":"BreadcrumbList","@id":"https:\/\/gruposalmeron.com.br\/metalicos\/contato\/#breadcrumb","itemListElement":[{"@type":"ListItem","position":1,"name":"In\u00edcio","item":"https:\/\/gruposalmeron.com.br\/metalicos\/"},{"@type":"ListItem","position":2,"name":"contato"}]},{"@type":"WebSite","@id":"https:\/\/gruposalmeron.com.br\/metalicos\/#website","url":"https:\/\/gruposalmeron.com.br\/metalicos\/","name":"Grupo Salmeron - Gest\u00e3o de Res\u00edduos Met\u00e1licos","description":"Grupo Salmeron - Met\u00e1licos","publisher":{"@id":"https:\/\/gruposalmeron.com.br\/metalicos\/#organization"},"potentialAction":[{"@type":"SearchAction","target":{"@type":"EntryPoint","urlTemplate":"https:\/\/gruposalmeron.com.br\/metalicos\/?s={search_term_string}"},"query-input":{"@type":"PropertyValueSpecification","valueRequired":true,"valueName":"search_term_string"}}],"inLanguage":"pt-BR"},{"@type":"Organization","@id":"https:\/\/gruposalmeron.com.br\/metalicos\/#organization","name":"Grupo Salmeron - Gest\u00e3o de Res\u00edduos Met\u00e1licos","url":"https:\/\/gruposalmeron.com.br\/metalicos\/","logo":{"@type":"ImageObject","inLanguage":"pt-BR","@id":"https:\/\/gruposalmeron.com.br\/metalicos\/#\/schema\/logo\/image\/","url":"https:\/\/gruposalmeron.com.br\/metalicos\/wp-content\/uploads\/2023\/12\/gruposalmeron-reciclagem-de-madeira.webp","contentUrl":"https:\/\/gruposalmeron.com.br\/metalicos\/wp-content\/uploads\/2023\/12\/gruposalmeron-reciclagem-de-madeira.webp","width":156,"height":43,"caption":"Grupo Salmeron - Gest\u00e3o de Res\u00edduos Met\u00e1licos"},"image":{"@id":"https:\/\/gruposalmeron.com.br\/metalicos\/#\/schema\/logo\/image\/"},"sameAs":["https:\/\/www.facebook.com\/gruposalmeron\/"]}]}},"_links":{"self":[{"href":"https:\/\/gruposalmeron.com.br\/metalicos\/wp-json\/wp\/v2\/pages\/1008","targetHints":{"allow":["GET"]}}],"collection":[{"href":"https:\/\/gruposalmeron.com.br\/metalicos\/wp-json\/wp\/v2\/pages"}],"about":[{"href":"https:\/\/gruposalmeron.com.br\/metalicos\/wp-json\/wp\/v2\/types\/page"}],"author":[{"embeddable":true,"href":"https:\/\/gruposalmeron.com.br\/metalicos\/wp-json\/wp\/v2\/users\/1"}],"replies":[{"embeddable":true,"href":"https:\/\/gruposalmeron.com.br\/metalicos\/wp-json\/wp\/v2\/comments?post=1008"}],"version-history":[{"count":33,"href":"https:\/\/gruposalmeron.com.br\/metalicos\/wp-json\/wp\/v2\/pages\/1008\/revisions"}],"predecessor-version":[{"id":3343,"href":"https:\/\/gruposalmeron.com.br\/metalicos\/wp-json\/wp\/v2\/pages\/1008\/revisions\/3343"}],"wp:attachment":[{"href":"https:\/\/gruposalmeron.com.br\/metalicos\/wp-json\/wp\/v2\/media?parent=1008"}],"curies":[{"name":"wp","href":"https:\/\/api.w.org\/{rel}","templated":true}]}}