{"id":1981,"date":"2024-01-17T00:59:26","date_gmt":"2024-01-17T00:59:26","guid":{"rendered":"https:\/\/gruposalmeron.everestis.ppg.br\/energia\/?page_id=1981"},"modified":"2024-03-26T15:39:37","modified_gmt":"2024-03-26T18:39:37","slug":"solucoes","status":"publish","type":"page","link":"https:\/\/gruposalmeron.com.br\/ambiental\/solucoes\/","title":{"rendered":"Solucoes"},"content":{"rendered":"\t\t<div data-elementor-type=\"wp-page\" data-elementor-id=\"1981\" class=\"elementor elementor-1981\" data-elementor-post-type=\"page\">\n\t\t\t\t<div class=\"elementor-element elementor-element-449901b e-flex e-con-boxed e-con e-parent\" data-id=\"449901b\" data-element_type=\"container\" data-e-type=\"container\" data-settings=\"{&quot;background_background&quot;:&quot;classic&quot;,&quot;ekit_has_onepagescroll_dot&quot;:&quot;yes&quot;}\">\n\t\t\t\t\t<div class=\"e-con-inner\">\n\t\t\t\t<div class=\"elementor-element elementor-element-fc80d22 elementor-widget elementor-widget-heading\" data-id=\"fc80d22\" data-element_type=\"widget\" data-e-type=\"widget\" data-settings=\"{&quot;ekit_we_effect_on&quot;:&quot;none&quot;}\" data-widget_type=\"heading.default\">\n\t\t\t\t<div class=\"elementor-widget-container\">\n\t\t\t\t\t<h2 class=\"elementor-heading-title elementor-size-default\">SOLU\u00c7\u00d5ES<\/h2>\t\t\t\t<\/div>\n\t\t\t\t<\/div>\n\t\t\t\t<div class=\"elementor-element elementor-element-ab4d411 elementor-widget elementor-widget-breadcrumbs\" data-id=\"ab4d411\" data-element_type=\"widget\" data-e-type=\"widget\" data-settings=\"{&quot;ekit_we_effect_on&quot;:&quot;none&quot;}\" data-widget_type=\"breadcrumbs.default\">\n\t\t\t\t<div class=\"elementor-widget-container\">\n\t\t\t\t\t<p id=\"breadcrumbs\"><span><span><a href=\"https:\/\/gruposalmeron.com.br\/ambiental\/\">In\u00edcio<\/a><\/span><\/span><\/p>\t\t\t\t<\/div>\n\t\t\t\t<\/div>\n\t\t\t\t\t<\/div>\n\t\t\t\t<\/div>\n\t\t<div class=\"elementor-element elementor-element-ffbddc2 e-con-full e-flex e-con e-parent\" data-id=\"ffbddc2\" data-element_type=\"container\" data-e-type=\"container\" data-settings=\"{&quot;ekit_has_onepagescroll_dot&quot;:&quot;yes&quot;}\">\n\t\t<div class=\"elementor-element elementor-element-92a29d2 e-con-full e-flex e-con e-child\" data-id=\"92a29d2\" data-element_type=\"container\" data-e-type=\"container\" data-settings=\"{&quot;background_background&quot;:&quot;classic&quot;,&quot;ekit_has_onepagescroll_dot&quot;:&quot;yes&quot;}\">\n\t\t\t\t<\/div>\n\t\t<div class=\"elementor-element elementor-element-7ecc513 e-con-full e-flex e-con e-child\" data-id=\"7ecc513\" data-element_type=\"container\" data-e-type=\"container\" data-settings=\"{&quot;background_background&quot;:&quot;classic&quot;,&quot;ekit_has_onepagescroll_dot&quot;:&quot;yes&quot;}\">\n\t\t\t\t<div class=\"elementor-element elementor-element-a8e8f85 elementor-widget elementor-widget-heading\" data-id=\"a8e8f85\" data-element_type=\"widget\" data-e-type=\"widget\" data-settings=\"{&quot;ekit_we_effect_on&quot;:&quot;none&quot;}\" data-widget_type=\"heading.default\">\n\t\t\t\t<div class=\"elementor-widget-container\">\n\t\t\t\t\t<h2 class=\"elementor-heading-title elementor-size-default\">GERENCIAMENTO DE RES\u00cdDUOS<\/h2>\t\t\t\t<\/div>\n\t\t\t\t<\/div>\n\t\t\t\t<div class=\"elementor-element elementor-element-b27a74c elementor-widget elementor-widget-text-editor\" data-id=\"b27a74c\" data-element_type=\"widget\" data-e-type=\"widget\" data-settings=\"{&quot;ekit_we_effect_on&quot;:&quot;none&quot;}\" data-widget_type=\"text-editor.default\">\n\t\t\t\t<div class=\"elementor-widget-container\">\n\t\t\t\t\t\t\t\t\t<p>Solu\u00e7\u00e3o completa na Gest\u00e3o de Res\u00edduos industriais &#8211; armazenamento, compacta\u00e7\u00e3o, coleta, transporte, separa\u00e7\u00e3o, destina\u00e7\u00e3o correta e prepara\u00e7\u00e3o do material para a reciclagem.<\/p>\t\t\t\t\t\t\t\t<\/div>\n\t\t\t\t<\/div>\n\t\t\t\t<div class=\"elementor-element elementor-element-d6ca3f3 elementor-align-center elementor-widget elementor-widget-button\" data-id=\"d6ca3f3\" data-element_type=\"widget\" data-e-type=\"widget\" data-settings=\"{&quot;ekit_we_effect_on&quot;:&quot;none&quot;}\" data-widget_type=\"button.default\">\n\t\t\t\t<div class=\"elementor-widget-container\">\n\t\t\t\t\t\t\t\t\t<div class=\"elementor-button-wrapper\">\n\t\t\t\t\t<a class=\"elementor-button elementor-button-link elementor-size-md\" href=\"https:\/\/www.salmeronambiental.com.br\/gestaoderesiduos\">\n\t\t\t\t\t\t<span class=\"elementor-button-content-wrapper\">\n\t\t\t\t\t\t\t\t\t<span class=\"elementor-button-text\">SAIBA MAIS<\/span>\n\t\t\t\t\t<\/span>\n\t\t\t\t\t<\/a>\n\t\t\t\t<\/div>\n\t\t\t\t\t\t\t\t<\/div>\n\t\t\t\t<\/div>\n\t\t\t\t<\/div>\n\t\t\t\t<\/div>\n\t\t<div class=\"elementor-element elementor-element-c95c819 e-con-full e-flex e-con e-parent\" data-id=\"c95c819\" data-element_type=\"container\" data-e-type=\"container\" data-settings=\"{&quot;ekit_has_onepagescroll_dot&quot;:&quot;yes&quot;}\">\n\t\t<div class=\"elementor-element elementor-element-df83bbe e-con-full e-flex e-con e-child\" data-id=\"df83bbe\" data-element_type=\"container\" data-e-type=\"container\" data-settings=\"{&quot;background_background&quot;:&quot;classic&quot;,&quot;ekit_has_onepagescroll_dot&quot;:&quot;yes&quot;}\">\n\t\t\t\t<div class=\"elementor-element elementor-element-5358b8d elementor-widget elementor-widget-heading\" data-id=\"5358b8d\" data-element_type=\"widget\" data-e-type=\"widget\" data-settings=\"{&quot;ekit_we_effect_on&quot;:&quot;none&quot;}\" data-widget_type=\"heading.default\">\n\t\t\t\t<div class=\"elementor-widget-container\">\n\t\t\t\t\t<h2 class=\"elementor-heading-title elementor-size-default\">VALORIZA\u00c7\u00c3O DE RECICL\u00c1VEIS<\/h2>\t\t\t\t<\/div>\n\t\t\t\t<\/div>\n\t\t\t\t<div class=\"elementor-element elementor-element-1e1eb32 elementor-widget elementor-widget-text-editor\" data-id=\"1e1eb32\" data-element_type=\"widget\" data-e-type=\"widget\" data-settings=\"{&quot;ekit_we_effect_on&quot;:&quot;none&quot;}\" data-widget_type=\"text-editor.default\">\n\t\t\t\t<div class=\"elementor-widget-container\">\n\t\t\t\t\t\t\t\t\t<p>A Salmeron possui as melhores solu\u00e7\u00f5es em valoriza\u00e7\u00e3o, tratamento e beneficiamento de res\u00edduos para a reciclagem.\u00a0 Trabalhamos com todos os tipos de materiais, como madeira, papel, papel\u00e3o, pl\u00e1stico, res\u00edduos classe II e\u00a0<span class=\"wixui-rich-text__text\"><a class=\"wixui-rich-text__text\" href=\"http:\/\/gruposalmeron.com.br\/metalicos\/\" target=\"_blank\" rel=\"noreferrer noopener\">sucata met\u00e1lica<\/a><\/span>.<\/p>\t\t\t\t\t\t\t\t<\/div>\n\t\t\t\t<\/div>\n\t\t\t\t<div class=\"elementor-element elementor-element-e6ed6c8 elementor-align-center elementor-widget elementor-widget-button\" data-id=\"e6ed6c8\" data-element_type=\"widget\" data-e-type=\"widget\" data-settings=\"{&quot;ekit_we_effect_on&quot;:&quot;none&quot;}\" data-widget_type=\"button.default\">\n\t\t\t\t<div class=\"elementor-widget-container\">\n\t\t\t\t\t\t\t\t\t<div class=\"elementor-button-wrapper\">\n\t\t\t\t\t<a class=\"elementor-button elementor-button-link elementor-size-md\" href=\"https:\/\/www.salmeronambiental.com.br\/reciclaveis\/\">\n\t\t\t\t\t\t<span class=\"elementor-button-content-wrapper\">\n\t\t\t\t\t\t\t\t\t<span class=\"elementor-button-text\">SAIBA MAIS<\/span>\n\t\t\t\t\t<\/span>\n\t\t\t\t\t<\/a>\n\t\t\t\t<\/div>\n\t\t\t\t\t\t\t\t<\/div>\n\t\t\t\t<\/div>\n\t\t\t\t<\/div>\n\t\t<div class=\"elementor-element elementor-element-e6cd30e e-con-full e-flex e-con e-child\" data-id=\"e6cd30e\" data-element_type=\"container\" data-e-type=\"container\" data-settings=\"{&quot;background_background&quot;:&quot;classic&quot;,&quot;ekit_has_onepagescroll_dot&quot;:&quot;yes&quot;}\">\n\t\t\t\t<\/div>\n\t\t\t\t<\/div>\n\t\t<div class=\"elementor-element elementor-element-6adeba6 e-con-full e-flex e-con e-parent\" data-id=\"6adeba6\" data-element_type=\"container\" data-e-type=\"container\" data-settings=\"{&quot;ekit_has_onepagescroll_dot&quot;:&quot;yes&quot;}\">\n\t\t<div class=\"elementor-element elementor-element-7dd2943 e-con-full e-flex e-con e-child\" data-id=\"7dd2943\" data-element_type=\"container\" data-e-type=\"container\" data-settings=\"{&quot;background_background&quot;:&quot;classic&quot;,&quot;ekit_has_onepagescroll_dot&quot;:&quot;yes&quot;}\">\n\t\t\t\t<\/div>\n\t\t<div class=\"elementor-element elementor-element-d35e858 e-con-full e-flex e-con e-child\" data-id=\"d35e858\" data-element_type=\"container\" data-e-type=\"container\" data-settings=\"{&quot;background_background&quot;:&quot;classic&quot;,&quot;ekit_has_onepagescroll_dot&quot;:&quot;yes&quot;}\">\n\t\t\t\t<div class=\"elementor-element elementor-element-40d501d elementor-widget elementor-widget-heading\" data-id=\"40d501d\" data-element_type=\"widget\" data-e-type=\"widget\" data-settings=\"{&quot;ekit_we_effect_on&quot;:&quot;none&quot;}\" data-widget_type=\"heading.default\">\n\t\t\t\t<div class=\"elementor-widget-container\">\n\t\t\t\t\t<h2 class=\"elementor-heading-title elementor-size-default\">RECICLAGEM ENERG\u00c9TICA (CDR)<\/h2>\t\t\t\t<\/div>\n\t\t\t\t<\/div>\n\t\t\t\t<div class=\"elementor-element elementor-element-dea8ea9 elementor-widget elementor-widget-text-editor\" data-id=\"dea8ea9\" data-element_type=\"widget\" data-e-type=\"widget\" data-settings=\"{&quot;ekit_we_effect_on&quot;:&quot;none&quot;}\" data-widget_type=\"text-editor.default\">\n\t\t\t\t<div class=\"elementor-widget-container\">\n\t\t\t\t\t\t\t\t\t<p>Reciclagem energ\u00e9tica \u00e9 o reaproveitamento de res\u00edduos para a gera\u00e7\u00e3o de energia renov\u00e1vel. Com a produ\u00e7\u00e3o de CDR (Combust\u00edvel Derivado de Res\u00edduos) poupamos mais de 20 milh\u00f5es de m\u00b3 dos Aterros sanit\u00e1rios, reduzimos a emiss\u00e3o de poluentes na atmosfera e abastecemos de maneira sustent\u00e1vel fornos e caldeiras de grandes ind\u00fastrias.<\/p>\t\t\t\t\t\t\t\t<\/div>\n\t\t\t\t<\/div>\n\t\t\t\t<div class=\"elementor-element elementor-element-e2858af elementor-align-center elementor-widget elementor-widget-button\" data-id=\"e2858af\" data-element_type=\"widget\" data-e-type=\"widget\" data-settings=\"{&quot;ekit_we_effect_on&quot;:&quot;none&quot;}\" data-widget_type=\"button.default\">\n\t\t\t\t<div class=\"elementor-widget-container\">\n\t\t\t\t\t\t\t\t\t<div class=\"elementor-button-wrapper\">\n\t\t\t\t\t<a class=\"elementor-button elementor-button-link elementor-size-md\" href=\"https:\/\/gruposalmeron.com.br\/ambiental\/reciclagemenergetica\/\">\n\t\t\t\t\t\t<span class=\"elementor-button-content-wrapper\">\n\t\t\t\t\t\t\t\t\t<span class=\"elementor-button-text\">SAIBA MAIS<\/span>\n\t\t\t\t\t<\/span>\n\t\t\t\t\t<\/a>\n\t\t\t\t<\/div>\n\t\t\t\t\t\t\t\t<\/div>\n\t\t\t\t<\/div>\n\t\t\t\t<\/div>\n\t\t\t\t<\/div>\n\t\t<div class=\"elementor-element elementor-element-0fff3a8 e-con-full e-flex e-con e-parent\" data-id=\"0fff3a8\" data-element_type=\"container\" data-e-type=\"container\" data-settings=\"{&quot;ekit_has_onepagescroll_dot&quot;:&quot;yes&quot;}\">\n\t\t<div class=\"elementor-element elementor-element-6280cde e-con-full e-flex e-con e-child\" data-id=\"6280cde\" data-element_type=\"container\" data-e-type=\"container\" data-settings=\"{&quot;background_background&quot;:&quot;classic&quot;,&quot;ekit_has_onepagescroll_dot&quot;:&quot;yes&quot;}\">\n\t\t\t\t<div class=\"elementor-element elementor-element-c1c4215 elementor-widget elementor-widget-heading\" data-id=\"c1c4215\" data-element_type=\"widget\" data-e-type=\"widget\" data-settings=\"{&quot;ekit_we_effect_on&quot;:&quot;none&quot;}\" data-widget_type=\"heading.default\">\n\t\t\t\t<div class=\"elementor-widget-container\">\n\t\t\t\t\t<h2 class=\"elementor-heading-title elementor-size-default\">SERVI\u00c7OS AMBIENTAIS<\/h2>\t\t\t\t<\/div>\n\t\t\t\t<\/div>\n\t\t\t\t<div class=\"elementor-element elementor-element-9567d26 elementor-widget elementor-widget-text-editor\" data-id=\"9567d26\" data-element_type=\"widget\" data-e-type=\"widget\" data-settings=\"{&quot;ekit_we_effect_on&quot;:&quot;none&quot;}\" data-widget_type=\"text-editor.default\">\n\t\t\t\t<div class=\"elementor-widget-container\">\n\t\t\t\t\t\t\t\t\t<p>Saneamento e limpeza, Destrui\u00e7\u00e3o de Documentos confidenciais, desmonte industrial, descaracteriza\u00e7\u00e3o de produtos e embalagens, atendimento emergencial e outros servi\u00e7os ambientais para empresas.<\/p>\t\t\t\t\t\t\t\t<\/div>\n\t\t\t\t<\/div>\n\t\t\t\t<div class=\"elementor-element elementor-element-0ff03cb elementor-align-center elementor-widget elementor-widget-button\" data-id=\"0ff03cb\" data-element_type=\"widget\" data-e-type=\"widget\" data-settings=\"{&quot;ekit_we_effect_on&quot;:&quot;none&quot;}\" data-widget_type=\"button.default\">\n\t\t\t\t<div class=\"elementor-widget-container\">\n\t\t\t\t\t\t\t\t\t<div class=\"elementor-button-wrapper\">\n\t\t\t\t\t<a class=\"elementor-button elementor-button-link elementor-size-md\" href=\"https:\/\/www.salmeronambiental.com.br\/servicosambientais\">\n\t\t\t\t\t\t<span class=\"elementor-button-content-wrapper\">\n\t\t\t\t\t\t\t\t\t<span class=\"elementor-button-text\">SAIBA MAIS<\/span>\n\t\t\t\t\t<\/span>\n\t\t\t\t\t<\/a>\n\t\t\t\t<\/div>\n\t\t\t\t\t\t\t\t<\/div>\n\t\t\t\t<\/div>\n\t\t\t\t<\/div>\n\t\t<div class=\"elementor-element elementor-element-9a004a0 e-con-full e-flex e-con e-child\" data-id=\"9a004a0\" data-element_type=\"container\" data-e-type=\"container\" data-settings=\"{&quot;background_background&quot;:&quot;classic&quot;,&quot;ekit_has_onepagescroll_dot&quot;:&quot;yes&quot;}\">\n\t\t\t\t<\/div>\n\t\t\t\t<\/div>\n\t\t<div class=\"elementor-element elementor-element-b2737d0 e-con-full e-flex e-con e-parent\" data-id=\"b2737d0\" data-element_type=\"container\" data-e-type=\"container\" data-settings=\"{&quot;ekit_has_onepagescroll_dot&quot;:&quot;yes&quot;}\">\n\t\t<div class=\"elementor-element elementor-element-a3a6dc2 e-con-full e-flex e-con e-child\" data-id=\"a3a6dc2\" data-element_type=\"container\" data-e-type=\"container\" data-settings=\"{&quot;background_background&quot;:&quot;classic&quot;,&quot;ekit_has_onepagescroll_dot&quot;:&quot;yes&quot;}\">\n\t\t\t\t<\/div>\n\t\t<div class=\"elementor-element elementor-element-ef86a5f e-con-full e-flex e-con e-child\" data-id=\"ef86a5f\" data-element_type=\"container\" data-e-type=\"container\" data-settings=\"{&quot;background_background&quot;:&quot;classic&quot;,&quot;ekit_has_onepagescroll_dot&quot;:&quot;yes&quot;}\">\n\t\t\t\t<div class=\"elementor-element elementor-element-179828b elementor-widget elementor-widget-heading\" data-id=\"179828b\" data-element_type=\"widget\" data-e-type=\"widget\" data-settings=\"{&quot;ekit_we_effect_on&quot;:&quot;none&quot;}\" data-widget_type=\"heading.default\">\n\t\t\t\t<div class=\"elementor-widget-container\">\n\t\t\t\t\t<h2 class=\"elementor-heading-title elementor-size-default\">EDUCA\u00c7\u00c3O AMBIENTAL<\/h2>\t\t\t\t<\/div>\n\t\t\t\t<\/div>\n\t\t\t\t<div class=\"elementor-element elementor-element-5362df5 elementor-widget elementor-widget-text-editor\" data-id=\"5362df5\" data-element_type=\"widget\" data-e-type=\"widget\" data-settings=\"{&quot;ekit_we_effect_on&quot;:&quot;none&quot;}\" data-widget_type=\"text-editor.default\">\n\t\t\t\t<div class=\"elementor-widget-container\">\n\t\t\t\t\t\t\t\t\t<p>Palestras, treinamentos e consultorias ambientais para empresas e escolas.\u00a0<\/p>\t\t\t\t\t\t\t\t<\/div>\n\t\t\t\t<\/div>\n\t\t\t\t<div class=\"elementor-element elementor-element-dcf1b53 elementor-align-center elementor-widget elementor-widget-button\" data-id=\"dcf1b53\" data-element_type=\"widget\" data-e-type=\"widget\" data-settings=\"{&quot;ekit_we_effect_on&quot;:&quot;none&quot;}\" data-widget_type=\"button.default\">\n\t\t\t\t<div class=\"elementor-widget-container\">\n\t\t\t\t\t\t\t\t\t<div class=\"elementor-button-wrapper\">\n\t\t\t\t\t<a class=\"elementor-button elementor-button-link elementor-size-md\" href=\"https:\/\/www.salmeronambiental.com.br\/educacaoambiental\/\">\n\t\t\t\t\t\t<span class=\"elementor-button-content-wrapper\">\n\t\t\t\t\t\t\t\t\t<span class=\"elementor-button-text\">SAIBA MAIS<\/span>\n\t\t\t\t\t<\/span>\n\t\t\t\t\t<\/a>\n\t\t\t\t<\/div>\n\t\t\t\t\t\t\t\t<\/div>\n\t\t\t\t<\/div>\n\t\t\t\t<\/div>\n\t\t\t\t<\/div>\n\t\t\t\t<\/div>\n\t\t","protected":false},"excerpt":{"rendered":"<p>SOLU\u00c7\u00d5ES GERENCIAMENTO DE RES\u00cdDUOS Solu\u00e7\u00e3o completa na Gest\u00e3o de Res\u00edduos industriais &#8211; armazenamento, compacta\u00e7\u00e3o, coleta, transporte, separa\u00e7\u00e3o, destina\u00e7\u00e3o correta e prepara\u00e7\u00e3o do material para a reciclagem. SAIBA MAIS VALORIZA\u00c7\u00c3O DE RECICL\u00c1VEIS A Salmeron possui as melhores solu\u00e7\u00f5es em valoriza\u00e7\u00e3o, tratamento e beneficiamento de res\u00edduos para a reciclagem.\u00a0 Trabalhamos com todos os tipos de materiais, como [&hellip;]<\/p>\n","protected":false},"author":1,"featured_media":0,"parent":0,"menu_order":0,"comment_status":"closed","ping_status":"closed","template":"","meta":{"footnotes":""},"class_list":["post-1981","page","type-page","status-publish","hentry"],"yoast_head":"<!-- This site is optimized with the Yoast SEO plugin v27.4 - https:\/\/yoast.com\/product\/yoast-seo-wordpress\/ -->\n<title>Solucoes - Grupo Salmeron - Ambiental<\/title>\n<meta name=\"robots\" content=\"index, follow, max-snippet:-1, max-image-preview:large, max-video-preview:-1\" \/>\n<link rel=\"canonical\" href=\"https:\/\/gruposalmeron.com.br\/ambiental\/solucoes\/\" \/>\n<meta property=\"og:locale\" content=\"pt_BR\" \/>\n<meta property=\"og:type\" content=\"article\" \/>\n<meta property=\"og:title\" content=\"Solucoes - Grupo Salmeron - Ambiental\" \/>\n<meta property=\"og:description\" content=\"SOLU\u00c7\u00d5ES GERENCIAMENTO DE RES\u00cdDUOS Solu\u00e7\u00e3o completa na Gest\u00e3o de Res\u00edduos industriais &#8211; armazenamento, compacta\u00e7\u00e3o, coleta, transporte, separa\u00e7\u00e3o, destina\u00e7\u00e3o correta e prepara\u00e7\u00e3o do material para a reciclagem. SAIBA MAIS VALORIZA\u00c7\u00c3O DE RECICL\u00c1VEIS A Salmeron possui as melhores solu\u00e7\u00f5es em valoriza\u00e7\u00e3o, tratamento e beneficiamento de res\u00edduos para a reciclagem.\u00a0 Trabalhamos com todos os tipos de materiais, como [&hellip;]\" \/>\n<meta property=\"og:url\" content=\"https:\/\/gruposalmeron.com.br\/ambiental\/solucoes\/\" \/>\n<meta property=\"og:site_name\" content=\"Grupo Salmeron - Ambiental\" \/>\n<meta property=\"article:publisher\" content=\"https:\/\/www.facebook.com\/gruposalmeron\/\" \/>\n<meta property=\"article:modified_time\" content=\"2024-03-26T18:39:37+00:00\" \/>\n<meta name=\"twitter:card\" content=\"summary_large_image\" \/>\n<meta name=\"twitter:label1\" content=\"Est. tempo de leitura\" \/>\n\t<meta name=\"twitter:data1\" content=\"1 minuto\" \/>\n<script type=\"application\/ld+json\" class=\"yoast-schema-graph\">{\"@context\":\"https:\\\/\\\/schema.org\",\"@graph\":[{\"@type\":\"WebPage\",\"@id\":\"https:\\\/\\\/gruposalmeron.com.br\\\/ambiental\\\/solucoes\\\/\",\"url\":\"https:\\\/\\\/gruposalmeron.com.br\\\/ambiental\\\/solucoes\\\/\",\"name\":\"Solucoes - Grupo Salmeron - Ambiental\",\"isPartOf\":{\"@id\":\"https:\\\/\\\/gruposalmeron.com.br\\\/ambiental\\\/#website\"},\"datePublished\":\"2024-01-17T00:59:26+00:00\",\"dateModified\":\"2024-03-26T18:39:37+00:00\",\"breadcrumb\":{\"@id\":\"https:\\\/\\\/gruposalmeron.com.br\\\/ambiental\\\/solucoes\\\/#breadcrumb\"},\"inLanguage\":\"pt-BR\",\"potentialAction\":[{\"@type\":\"ReadAction\",\"target\":[\"https:\\\/\\\/gruposalmeron.com.br\\\/ambiental\\\/solucoes\\\/\"]}]},{\"@type\":\"BreadcrumbList\",\"@id\":\"https:\\\/\\\/gruposalmeron.com.br\\\/ambiental\\\/solucoes\\\/#breadcrumb\",\"itemListElement\":[{\"@type\":\"ListItem\",\"position\":1,\"name\":\"In\u00edcio\",\"item\":\"https:\\\/\\\/gruposalmeron.com.br\\\/ambiental\\\/\"},{\"@type\":\"ListItem\",\"position\":2,\"name\":\"Solucoes\"}]},{\"@type\":\"WebSite\",\"@id\":\"https:\\\/\\\/gruposalmeron.com.br\\\/ambiental\\\/#website\",\"url\":\"https:\\\/\\\/gruposalmeron.com.br\\\/ambiental\\\/\",\"name\":\"Grupo Salmeron - Gest\u00e3o de Res\u00edduos - Reciclagem de Madeira\",\"description\":\"Grupo Salmeron - Ambiental\",\"publisher\":{\"@id\":\"https:\\\/\\\/gruposalmeron.com.br\\\/ambiental\\\/#organization\"},\"potentialAction\":[{\"@type\":\"SearchAction\",\"target\":{\"@type\":\"EntryPoint\",\"urlTemplate\":\"https:\\\/\\\/gruposalmeron.com.br\\\/ambiental\\\/?s={search_term_string}\"},\"query-input\":{\"@type\":\"PropertyValueSpecification\",\"valueRequired\":true,\"valueName\":\"search_term_string\"}}],\"inLanguage\":\"pt-BR\"},{\"@type\":\"Organization\",\"@id\":\"https:\\\/\\\/gruposalmeron.com.br\\\/ambiental\\\/#organization\",\"name\":\"Grupo Salmeron - Gest\u00e3o de Res\u00edduos - Reciclagem de Madeira\",\"url\":\"https:\\\/\\\/gruposalmeron.com.br\\\/ambiental\\\/\",\"logo\":{\"@type\":\"ImageObject\",\"inLanguage\":\"pt-BR\",\"@id\":\"https:\\\/\\\/gruposalmeron.com.br\\\/ambiental\\\/#\\\/schema\\\/logo\\\/image\\\/\",\"url\":\"https:\\\/\\\/gruposalmeron.com.br\\\/ambiental\\\/wp-content\\\/uploads\\\/2023\\\/12\\\/gruposalmeron-reciclagem-de-madeira.webp\",\"contentUrl\":\"https:\\\/\\\/gruposalmeron.com.br\\\/ambiental\\\/wp-content\\\/uploads\\\/2023\\\/12\\\/gruposalmeron-reciclagem-de-madeira.webp\",\"width\":156,\"height\":43,\"caption\":\"Grupo Salmeron - Gest\u00e3o de Res\u00edduos - Reciclagem de Madeira\"},\"image\":{\"@id\":\"https:\\\/\\\/gruposalmeron.com.br\\\/ambiental\\\/#\\\/schema\\\/logo\\\/image\\\/\"},\"sameAs\":[\"https:\\\/\\\/www.facebook.com\\\/gruposalmeron\\\/\"]}]}<\/script>\n<!-- \/ Yoast SEO plugin. -->","yoast_head_json":{"title":"Solucoes - Grupo Salmeron - Ambiental","robots":{"index":"index","follow":"follow","max-snippet":"max-snippet:-1","max-image-preview":"max-image-preview:large","max-video-preview":"max-video-preview:-1"},"canonical":"https:\/\/gruposalmeron.com.br\/ambiental\/solucoes\/","og_locale":"pt_BR","og_type":"article","og_title":"Solucoes - Grupo Salmeron - Ambiental","og_description":"SOLU\u00c7\u00d5ES GERENCIAMENTO DE RES\u00cdDUOS Solu\u00e7\u00e3o completa na Gest\u00e3o de Res\u00edduos industriais &#8211; armazenamento, compacta\u00e7\u00e3o, coleta, transporte, separa\u00e7\u00e3o, destina\u00e7\u00e3o correta e prepara\u00e7\u00e3o do material para a reciclagem. SAIBA MAIS VALORIZA\u00c7\u00c3O DE RECICL\u00c1VEIS A Salmeron possui as melhores solu\u00e7\u00f5es em valoriza\u00e7\u00e3o, tratamento e beneficiamento de res\u00edduos para a reciclagem.\u00a0 Trabalhamos com todos os tipos de materiais, como [&hellip;]","og_url":"https:\/\/gruposalmeron.com.br\/ambiental\/solucoes\/","og_site_name":"Grupo Salmeron - Ambiental","article_publisher":"https:\/\/www.facebook.com\/gruposalmeron\/","article_modified_time":"2024-03-26T18:39:37+00:00","twitter_card":"summary_large_image","twitter_misc":{"Est. tempo de leitura":"1 minuto"},"schema":{"@context":"https:\/\/schema.org","@graph":[{"@type":"WebPage","@id":"https:\/\/gruposalmeron.com.br\/ambiental\/solucoes\/","url":"https:\/\/gruposalmeron.com.br\/ambiental\/solucoes\/","name":"Solucoes - Grupo Salmeron - Ambiental","isPartOf":{"@id":"https:\/\/gruposalmeron.com.br\/ambiental\/#website"},"datePublished":"2024-01-17T00:59:26+00:00","dateModified":"2024-03-26T18:39:37+00:00","breadcrumb":{"@id":"https:\/\/gruposalmeron.com.br\/ambiental\/solucoes\/#breadcrumb"},"inLanguage":"pt-BR","potentialAction":[{"@type":"ReadAction","target":["https:\/\/gruposalmeron.com.br\/ambiental\/solucoes\/"]}]},{"@type":"BreadcrumbList","@id":"https:\/\/gruposalmeron.com.br\/ambiental\/solucoes\/#breadcrumb","itemListElement":[{"@type":"ListItem","position":1,"name":"In\u00edcio","item":"https:\/\/gruposalmeron.com.br\/ambiental\/"},{"@type":"ListItem","position":2,"name":"Solucoes"}]},{"@type":"WebSite","@id":"https:\/\/gruposalmeron.com.br\/ambiental\/#website","url":"https:\/\/gruposalmeron.com.br\/ambiental\/","name":"Grupo Salmeron - Gest\u00e3o de Res\u00edduos - Reciclagem de Madeira","description":"Grupo Salmeron - Ambiental","publisher":{"@id":"https:\/\/gruposalmeron.com.br\/ambiental\/#organization"},"potentialAction":[{"@type":"SearchAction","target":{"@type":"EntryPoint","urlTemplate":"https:\/\/gruposalmeron.com.br\/ambiental\/?s={search_term_string}"},"query-input":{"@type":"PropertyValueSpecification","valueRequired":true,"valueName":"search_term_string"}}],"inLanguage":"pt-BR"},{"@type":"Organization","@id":"https:\/\/gruposalmeron.com.br\/ambiental\/#organization","name":"Grupo Salmeron - Gest\u00e3o de Res\u00edduos - Reciclagem de Madeira","url":"https:\/\/gruposalmeron.com.br\/ambiental\/","logo":{"@type":"ImageObject","inLanguage":"pt-BR","@id":"https:\/\/gruposalmeron.com.br\/ambiental\/#\/schema\/logo\/image\/","url":"https:\/\/gruposalmeron.com.br\/ambiental\/wp-content\/uploads\/2023\/12\/gruposalmeron-reciclagem-de-madeira.webp","contentUrl":"https:\/\/gruposalmeron.com.br\/ambiental\/wp-content\/uploads\/2023\/12\/gruposalmeron-reciclagem-de-madeira.webp","width":156,"height":43,"caption":"Grupo Salmeron - Gest\u00e3o de Res\u00edduos - Reciclagem de Madeira"},"image":{"@id":"https:\/\/gruposalmeron.com.br\/ambiental\/#\/schema\/logo\/image\/"},"sameAs":["https:\/\/www.facebook.com\/gruposalmeron\/"]}]}},"_links":{"self":[{"href":"https:\/\/gruposalmeron.com.br\/ambiental\/wp-json\/wp\/v2\/pages\/1981","targetHints":{"allow":["GET"]}}],"collection":[{"href":"https:\/\/gruposalmeron.com.br\/ambiental\/wp-json\/wp\/v2\/pages"}],"about":[{"href":"https:\/\/gruposalmeron.com.br\/ambiental\/wp-json\/wp\/v2\/types\/page"}],"author":[{"embeddable":true,"href":"https:\/\/gruposalmeron.com.br\/ambiental\/wp-json\/wp\/v2\/users\/1"}],"replies":[{"embeddable":true,"href":"https:\/\/gruposalmeron.com.br\/ambiental\/wp-json\/wp\/v2\/comments?post=1981"}],"version-history":[{"count":0,"href":"https:\/\/gruposalmeron.com.br\/ambiental\/wp-json\/wp\/v2\/pages\/1981\/revisions"}],"wp:attachment":[{"href":"https:\/\/gruposalmeron.com.br\/ambiental\/wp-json\/wp\/v2\/media?parent=1981"}],"curies":[{"name":"wp","href":"https:\/\/api.w.org\/{rel}","templated":true}]}}